*2 + 13*i + 7. Suppose 5*s + 60 = -2*g, -2*s - 75 - 12 = 5*g. Give h(g).
37
Let r(i) = -i**3 + 3*i**2 - 3*i + 3. Let c(k) = -40 + 8*k**3 - 4*k + 28*k - 7*k**3 + 45*k**2 + 61*k. Let a be c(-43). Give r(a).
-6
Let g(j) be the third derivative of 17/6*j**3 + 0 + 132*j**2 + 1/6*j**4 + 0*j - 1/60*j**5. What is g(8)?
-15
Let x(f) = 22*f + 4. Let w(h) = -7*h - 1. Let p(c) = -16*w(c) - 5*x(c). Let n(i) = 7*i + 55. Let s be n(-7). Determine p(s).
8
Let r(a) = -a**3 - 7*a**2 + 9*a - 10. Let h = 499 + -485. Suppose 0 = -h*n - 74 - 38. Calculate r(n).
-18
Let m(f) = 2*f**3 - f**2 - 3*f - 2. Suppose -5*z + 46 = 2*x, 5*z = 6*x - x + 25. Suppose -z*g = -5*g + 3. Determine m(g).
-2
Let x(u) = -u**3 + 25*u**2 - 19*u - 111. Let p be -28*((-2)/3)/((-203)/(-261)). Give x(p).
9
Let b(p) = -2 - 4*p**2 - p**3 + p + 2*p**3 - 5*p. Let l(s) = s**3 + 38*s**2 + 42*s + 190. Let g be l(-37). Determine b(g).
3
Suppose -15*b = -3*p - 11*b - 48, 0 = -p - b + 5. Let c(w) = 15*w + 61. What is c(p)?
1
Let f(l) be the first derivative of -l**2 + 5*l - 372. Determine f(-7).
19
Let s(d) = -11 - 17*d - 1093*d**2 - 1099*d**2 + 2191*d**2 + 44 + 38*d. Give s(22).
11
Let w(i) = 72 - i - 4*i + 4*i - 72. Suppose l = -3*a + 2*l + 13, -5*a + 5*l + 15 = 0. Suppose -4*j = -3*b + a, -3*b - 5*j + 33 = -8. Give w(b).
-7
Let k be (21/(-14))/((-6)/(-16)). Let y(a) = -9*a**2 + 24*a + 19. Let x(f) = 5*f**2 - 14*f - 9. Let m(p) = -7*x(p) - 4*y(p). Determine m(k).
-5
Let t = -55542 + 55539. Let i(x) = -21*x - 15. Let p(j) = -3*j - 2. Let s(o) = -4*i(o) + 30*p(o). What is s(t)?
18
Let p(a) = -a - 3. Suppose -381*f = -379*f + 4. What is p(f)?
-1
Let r(w) = w**3 - 12*w**2 + 11*w + 2. Let m(c) = c**2 + 25*c - 22. Let k be m(-26). Suppose -d - 1 = 0, -k*b + b + 38 = -5*d. Determine r(b).
2
Let b(q) = -q**2 - 5*q + 7. Suppose 71 + 74 = 5*i. Suppose i*n = 26*n - 21. Give b(n).
-7
Let q be (-636)/(-92) + ((-90)/23 - -4). Let n(x) = -11*x - x**2 + 6 - 4*x**2 + 3*x - x**2 + x**3. What is n(q)?
-1
Let u(i) = -i**2 + 5*i - 4. Let p(t) = -t**3 + 7*t**2 - 8*t + 16. Let g be p(6). Suppose -3*q + 3*w = -51, 56 = 5*q + g*w - 2. Let k be q/3 - (-1)/3. Give u(k).
-4
Let s(l) = 34*l - 349 - 64*l + 31*l + 335. What is s(0)?
-14
Let d(m) be the first derivative of m**6/120 + 3*m**5/20 - m**3/3 - 158*m**2 + 317. Let g(n) be the second derivative of d(n). What is g(-9)?
-2
Let y(f) = -11*f**3 - f**2 - 3*f + 4. Let a(m) = -9*m**3 - 2*m**2 - m + 4. Let k(l) = 5*a(l) - 4*y(l). Determine k(-6).
-38
Let m = -4 - -9. Let x(a) = 8 - 10*a + a**2 - 12 + m + 4. Determine x(8).
-11
Let v = -35 - -81. Suppose -8 = -v*o + 42*o. Let b(i) = o*i**2 - i**2 - 6 + 17 - 9 - 8*i. Give b(6).
-10
Suppose 4*v - g + 5 = 13, -v + 2 = 3*g. Suppose v*d = d + 4. Let b(y) be the first derivative of -y**4/4 + 4*y**3/3 - 2*y**2 - 3*y + 86. Determine b(d).
-19
Let p(x) = -5*x**2 + 32*x + 5. Let m(t) = -t**2 + 8*t + 1. Let u(o) = -9*m(o) + 2*p(o). Let c be (160/150*5)/((-6)/9). Calculate u(c).
1
Let o be 40/24*30 - (0 + -5). Let k(y) = 19*y**2 - 86 + 44 + o + y + y**3 - 5*y**2. Calculate k(-14).
-1
Let j(y) = -2*y - 4*y - 3 - 5*y + 2*y. Let g = 1440 + -1442. Give j(g).
15
Let y(b) = 6*b - 7*b - 1 - b + 12*b**2 - 7*b**2. Let n be (-2)/(-1) + (-3 - -2). Suppose -c = -5*p - 9, -5*p - 2*c + c = n. Give y(p).
6
Let v = -52 + 40. Let x be (3/6)/((-3)/v). Let r(z) = 10*z**x - 2*z - 3 + 12*z**2 - 21*z**2. Determine r(-2).
5
Let v(h) = -6*h + 4 + 10 + 6*h - h. Let z(m) = 12*m**2 - 24*m + 3. Let l be z(6). Let r = l + -283. Determine v(r).
6
Let t(u) = -2*u - 629077 - 629061 + 1258111. Give t(-16).
5
Let t = 524 - 519. Let p(k) = 10 + 3 - 14 - k. Give p(t).
-6
Let p(n) = 5*n**2 - n - 43. Let s(d) = 2*d**2 + d - 22. Let a(i) = -3*p(i) + 7*s(i). Give a(8).
-9
Let j(a) = -107*a**2 + 27*a - 47. Let p(d) = -153*d**2 + 40*d - 70. Let b(v) = 10*j(v) - 7*p(v). What is b(14)?
76
Suppose 5*p - 14 = w, -3*w + 5 + 8 = -4*p. Let l(j) be the third derivative of j**6/120 - j**5/6 - 11*j**4/24 - j**2 + 17294*j. Give l(w).
0
Suppose -2*q = y - 23, 3*y + 9*q - 57 = 6*q. Let w(s) = 2*s. Calculate w(y).
30
Let i(l) = -4*l**2 + 15 - 17 + l + 3*l**2. Let x(o) = -2*o**3 - o**2 + 1. Let a be x(1). Give i(a).
-8
Let p(k) = 3*k**2 + 14*k + 22. Let f(x) = -4*x**2 - 16*x - 23. Let n(g) = -4*f(g) - 5*p(g). Calculate n(7).
-11
Let t(b) = 7*b**2 - 1 - b**2 + 3*b**2 + 15*b - 4*b**2 - 21*b. What is t(2)?
7
Suppose 3*v + 14*v = 3*v. Let w(f) = f + 2. Let j be w(v). Let n(q) = 3*q**2 - 7*q + 5. Give n(j).
3
Let x(y) = 3*y**2 + y + 15*y**3 - 1 - 6*y**2 - 5*y - 16*y**3. Let c be x(-2). Let f(j) = 180*j + 3 - 2 - j**c - 181*j. Give f(-2).
11
Let l(i) = i**2 + 3*i + 3. Let u = -8 - 160. Let x = u - -165. What is l(x)?
3
Let o = 213 + -209. Let w(a) = -o - 1 - a**2 + 7 + 2*a**2 - 6 + 5*a. Give w(-5).
-4
Let h(i) = -i**2 + 9*i + 40. Let p = -3305 + 3318. Calculate h(p).
-12
Let k(j) be the third derivative of j**5/60 - 1350*j**2. Let m be 0*(1 - 2)/1. Give k(m).
0
Let k be ((-24)/(-22))/((-34)/(-187)). Let j(t) = 11*t + 1540*t**2 + k - 4*t - 1541*t**2. What is j(7)?
6
Let u(p) = 20 + 3*p - 8 - 11. Suppose -i - 2*i + 15 = 0. Suppose i*v = 3 + 2. Calculate u(v).
4
Let m(g) = g**3 + 3*g**2 - 7*g + 22. Let i(f) = f**3 + 3*f**2 - 7*f + 19. Let t(j) = -9*i(j) + 8*m(j). Calculate t(-5).
20
Let q(a) = a. Let f(u) = -4*u - 1. Let y(l) = -2*f(l) - 6*q(l). Suppose c = 2*v + 26, 5*v - 4*v = -2*c + 57. Suppose -38*x + c*x + 40 = 0. Calculate y(x).
10
Let j(u) = -43 + 475 - 430 + u. Suppose -m + 10 = -10. Suppose i = -p + 5*i - m, 5*p = 5*i - 40. Determine j(p).
-2
Suppose 0 = y - 11 + 8. Let r be -9*(y/9 - 1). Let i(z) = 3*z**2 + 8*z - 6. Let b(q) = 5*q**2 + 8*q - 7. Let o(j) = -2*b(j) + 3*i(j). Give o(r).
8
Let k(w) = -21*w - 4. Let j(f) = 887*f - 160*f + 190 + 261*f. Let s(b) = 2*j(b) + 95*k(b). What is s(1)?
-19
Let p(b) = 214*b - 9*b**3 - 4*b**3 - 216*b - 67 - 20*b**2 + 12*b**3. Give p(-20).
-27
Suppose -3*i = -i - 3*u + 4, i + 3*u = 7. Let y(s) = -16*s**3 - 1 + 42*s**3 - 5*s**3 - 4*s**2 + 13*s**3 + 5*s**2. What is y(i)?
34
Suppose -2*d - 31 + 223 = 0. Suppose 0 = -3*x + 3*c - 300, -23*x = -24*x - 4*c - 105. Let r = d + x. Let y(q) = -q**2 - 5*q + 4. Determine y(r).
4
Let i(p) be the first derivative of 5*p**2/2 - 5*p + 14461. Determine i(-24).
-125
Let h(s) be the first derivative of s**3/3 - 3*s**2/2 - 4*s + 864. Let q be 5 + 0 - (2 - 2). Give h(q).
6
Let q = -2091 + 2096. Let w(p) = p**3 - 5*p**2 - 4*p + 17. Give w(q).
-3
Let y be (-11)/2 - (-4)/8. Let d(f) = 5 - 5 + 2*f - 3*f. Give d(y).
5
Let w = 669 + -660. Suppose -w*m + 2 = -43. Let a(r) = -r**3 + 7*r**2 - 5*r - 6. Give a(m).
19
Let o(g) be the second derivative of -5*g**3/3 + 7*g**2 + 443*g. What is o(6)?
-46
Suppose 0 = -3*w + 3*b - 33, 63 = 3*b + 51. Let f(u) = 31*u + 33. What is f(w)?
-184
Suppose -3*k - 36 = -2*c - 2*c, 28 = -2*k + 4*c. Let s(d) = -4*d + 9. Let a(u) = -u + 3. Let p(b) = -21*a(b) + 6*s(b). What is p(k)?
15
Let l(d) = 25*d + 22. Let f(s) = 31*s + 25. Let p(b) = 5*f(b) - 6*l(b). What is p(0)?
-7
Let r(k) be the second derivative of -k**7/1260 - k**6/240 + k**5/30 + 43*k**4/12 + k - 1. Let q(p) be the third derivative of r(p). Calculate q(-3).
-5
Suppose -804 = 311*o - 378*o. Let v(r) = -3*r + 34. Determine v(o).
-2
Let i be (56/126)/(-2*8/(-2448)). Let v be (2/(-6))/((-1)/213). Let m(c) = -v + c - 2*c**2 + 3*c**2 + i. Calculate m(4).
17
Let t(h) = h**3 - 13*h**2 + 12*h - 10. Let c(w) = -501*w + 4020. Let m be c(8). What is t(m)?
-10
Let s(j) = -j**3 - j**2 + 4*j - 4. Let q = -1 - 2. Let v be s(q). Suppose m - 6 = -2*k, 4*m - v - 10 = -4*k. Let d(z) = -z**3 + 5*z**2 - z - 4. Calculate d(k).
11
Suppose v + f + 2 = 27, -3*f + 55 = 2*v. Suppose 3 = j - 4*y, -3*j - 5*y + 25 = -y. Let o(b) = v + 6*b - 6*b**2 + j*b**2 - 28. What is o(-6)?
-8
Let v(g) = -6*g + 17. Let s(n) = 6*n - 17. Let q(w) = 4*s(w) + 3*v(w). Let b(i) = 7*i - 18. Let k = 566 - 571. Let h(y) = k*b(y) + 6*q(y). Determine h(0).
-12
Let k(c) = 2577904 + 27*c - 2577911 + 36*c. Determine k(-2).
-133
Let w(p) = -14*p - 1445. Let h be w(-103). Let x(a) = 4*a**3 + 13*a**2 + 5*a + 12. What is x(h)?
6
Let a(h) = 8294*h**2 - 4*h - 2770*h**2 - h**3 - 2762*h**2 - 2772*h**2 - 7 + 3*h. Let i = 4 - 14. Determine a(i).
3
Let g(i) = -i - 2. Let a = 3 - 2. Let r be (a - -3)*(-4 - -2). Give g(r